109
Calculate the highest common divisor of 555622 and 15532.
706
Calculate the greatest common factor of 1209605 and 5.
5
Calculate the greatest common factor of 75335 and 260.
65
What is the highest common divisor of 54 and 696465?
27
Calculate the highest common divisor of 42506 and 106.
106
What is the greatest common factor of 43 and 215473?
43
What is the greatest common divisor of 624 and 320?
16
What is the highest common factor of 44255 and 12614?
53
Calculate the highest common divisor of 594 and 12870.
198
What is the greatest common divisor of 1098 and 7002?
18
What is the greatest common divisor of 14152 and 4408?
232
Calculate the greatest common divisor of 279330 and 45.
15
Calculate the highest common divisor of 4246 and 44.
22
Calculate the highest common divisor of 4968 and 18.
18
Calculate the greatest common factor of 173767 and 22.
11
What is the greatest common divisor of 90 and 145570?
10
Calculate the highest common divisor of 108282 and 30.
6
What is the highest common factor of 81 and 393867?
9
Calculate the highest common factor of 5027 and 88.
11
What is the highest common divisor of 42914 and 1118?
86
What is the greatest common factor of 30 and 1194?
6
Calculate the greatest common factor of 1448 and 17557.
181
What is the highest common divisor of 248296 and 2706?
82
Calculate the highest common factor of 187383 and 525.
21
Calculate the greatest common factor of 616 and 22429.
11
What is the highest common factor of 11 and 1304248?
11
What is the greatest common divisor of 33286 and 323?
17
What is the greatest common divisor of 1496442 and 3468?
1734
What is the highest common divisor of 23975 and 700?
175
Calculate the greatest common factor of 57 and 9557.
19
Calculate the highest common factor of 7143 and 3.
3
What is the highest common factor of 896 and 40192?
128
Calculate the highest common factor of 9340 and 60.
20
What is the highest common divisor of 871 and 351091?
13
Calculate the greatest common divisor of 92825 and 10270.
395
Calculate the highest common divisor of 26475 and 3883.
353
What is the highest common factor of 517 and 11836?
11
What is the highest common divisor of 29639 and 7756?
277
Calculate the highest common divisor of 130 and 7358.
26
What is the greatest common divisor of 491249 and 2516?
629
What is the highest common divisor of 136818 and 396?
198
Calculate the greatest common factor of 5915 and 8505.
35
Calculate the highest common factor of 2 and 24840.
2
What is the highest common divisor of 126 and 5274?
18
Calculate the greatest common factor of 8940 and 23220.
60
Calculate the greatest common factor of 20 and 1620.
20
Calculate the greatest common divisor of 270 and 670545.
135
Calculate the highest common factor of 18814 and 506.
46
What is the greatest common factor of 6077 and 412?
103
Calculate the highest common divisor of 36 and 116796.
12
Calculate the highest common factor of 136232 and 8.
8
What is the greatest common divisor of 5253 and 4182?
51
Calculate the highest common factor of 1482 and 9503.
13
Calculate the highest common divisor of 441558 and 1026.
54
Calculate the highest common divisor of 3230 and 560.
10
Calculate the greatest common factor of 1074 and 23.
1
Calculate the highest common divisor of 5 and 41080.
5
What is the highest common divisor of 196 and 2838227?
49
Calculate the highest common factor of 250 and 68375.
125
What is the greatest common divisor of 78336 and 357?
51
Calculate the greatest common divisor of 26 and 411671.
13
What is the greatest common factor of 28512 and 544?
32
What is the greatest common divisor of 213 and 5643?
3
What is the greatest common factor of 22197 and 41374?
151
What is the greatest common factor of 6395 and 735?
5
What is the greatest common divisor of 3275 and 3125?
25
What is the highest common factor of 8568 and 10472?
952
What is the highest common divisor of 45116 and 4?
4
Calculate the highest common divisor of 4462 and 9706.
46
Calculate the greatest common factor of 17630 and 22790.
430
What is the highest common divisor of 792 and 1053?
9
What is the highest common factor of 31289 and 134?
67
What is the highest common divisor of 53628 and 981?
327
Calculate the highest common factor of 56918 and 36058.
298
What is the highest common factor of 1917 and 345?
3
What is the highest common factor of 28672 and 672?
224
What is the highest common factor of 120477 and 105?
21
Calculate the highest common factor of 121644 and 81.
9
What is the highest common factor of 1266 and 2807988?
1266
Calculate the greatest common divisor of 1162 and 31125.
83
What is the greatest common factor of 31560 and 75?
15
What is the greatest common divisor of 317373 and 168?
21
Calculate the highest common factor of 64746 and 44.
22
What is the greatest common divisor of 19933 and 155?
31
What is the highest common divisor of 874 and 2869?
19
What is the highest common divisor of 52 and 7844642?
26
What is the greatest common factor of 788602 and 1412?
706
Calculate the highest common factor of 428000 and 320.
160
What is the greatest common divisor of 270 and 41295?
15
Calculate the greatest common factor of 755781 and 351.
39
What is the highest common factor of 51379 and 2101?
191
Calculate the greatest common divisor of 168445 and 9381.
59
Calculate the greatest common factor of 2230 and 890.
10
Calculate the greatest common divisor of 139845 and 15.
15
Calculate the highest common divisor of 107 and 42479.
107
What is the greatest common divisor of 378032 and 176?
16
Calculate the greatest common divisor of 112 and 119.
7
Calculate the greatest common divisor of 1150 and 173075.
575
What is the highest common divisor of 14133 and 210?
21
Calculate the highest common factor of 50 and 25290.
10
Calculate the highest common factor of 47880 and 99864.
1368
What is the greatest common factor of 10542045 and 15?
15
What is the greatest common divisor of 2262 and 64506?
78
Calculate the greatest common divisor of 87120 and 1740.
60
Calculate the greatest common divisor of 3621 and 2343.
213
What is the highest common factor of 23760 and 960?
240
Calculate the highest common divisor of 265706 and 14.
14
Calculate the highest common divisor of 256572 and 54.
18
What is the greatest common divisor of 372 and 9536?
4
Calculate the highest common factor of 304236 and 7199.
313
Calculate the highest common divisor of 214864 and 208.
208
Calculate the greatest common factor of 130361 and 44.
11
Calculate the greatest common factor of 25673 and 3.
1
What is the greatest common divisor of 41902 and 574?
574
Calculate the greatest common factor of 171383 and 1.
1
What is the highest common factor of 2367002 and 242?
242
What is the highest common factor of 9715 and 190615?
335
What is the greatest common factor of 26752 and 1463?
209
What is the highest common factor of 4744 and 568687?
593
Calculate the highest common factor of 684 and 28747.
19
What is the highest common factor of 29216 and 3872?
352
What is the highest common factor of 8022 and 210?
42
What is the greatest common factor of 670 and 118322?
134
Calculate the highest common divisor of 144 and 43392.
48
What is the greatest common divisor of 76 and 159980?
76
What is the highest common divisor of 57 and 12072657?
57
What is the highest common factor of 80 and 2456830?
10
What is the greatest common divisor of 33944 and 8?
8
Calculate the greatest common factor of 62396 and 10.
2
Calculate the highest common factor of 97516 and 4.
4
What is the greatest common factor of 11011 and 2079?
77
Calculate the greatest common divisor of 2936 and 137258.
734
Calculate the greatest common factor of 253162 and 321.
107
Calculate the greatest common factor of 7766 and 704.
22
What is the greatest common divisor of 361486 and 610?
122
Calculate the highest common factor of 258 and 1794.
6
Calculate the greatest common factor of 78 and 7566.
78
What is the highest common divisor of 323350 and 10?
10
Calculate the greatest common factor of 67563 and 27.
9
Calculate the highest common divisor of 7202 and 2314.
26
What is the greatest common factor of 3992869 and 437?
437
What is the greatest common factor of 583 and 172997?
11
What is the greatest common divisor of 132077 and 11?
